 factors of n.
13, 31
Let o = -162 - -5186. What are the prime factors of o?
2, 157
Let u be 1*(-4 + -29)*11. List the prime factors of (1 + u/(-22))/(2/8).
2, 5, 7
Let b = -1220 - -1229. List the prime factors of b.
3
Let b be (162/(-24))/((-1)/460). Suppose -15*l = -1095 - b. List the prime factors of l.
2, 5, 7
Let x = -23 - -28. Suppose -x*f - 1077 = -197. What are the prime factors of 6/(-5)*(f + 21)?
2, 3, 31
Let c = -123 + 145. What are the prime factors of (280/110)/14 - (-23954)/c?
3, 11
Suppose -6993 = 13*b - 99657. List the prime factors of b.
2, 3, 11
Let f be (-48)/((3/4)/(8/(-8))). Let v = f + -92. Let z = 39 + v. What are the prime factors of z?
11
Let d = 19 + -13. Suppose -1330 = -d*o + 2546. List the prime factors of o.
2, 17, 19
Let r(f) = -3*f + 11. Let o be r(5). Let s be (-2)/(o + 30/8). Suppose -5*n = s*m - 5*m - 335, 2*n = 8. What are the prime factors of m?
3, 5, 7
Let v(i) = -6*i**2 - 74*i - 2. Let f(z) = -z**2 + 3*z. Let u(l) = -2*f(l) + v(l). What are the prime factors of u(-18)?
2, 71
Let r = -47 - -50. Suppose r*k = 586 + 182. Let u = k + -172. What are the prime factors of u?
2, 3, 7
Let l(n) = -51*n - 3 - 37*n + 226*n - 61*n. List the prime factors of l(3).
2, 3, 19
Suppose -2*l - 93*t = -90*t - 32695, -4*l + 65386 = 2*t. What are the prime factors of l?
2, 11, 743
Suppose 1305*m - 3*h = 1301*m + 48700, 3*m - 36532 = 4*h. List the prime factors of m.
2, 17, 179
Let m(j) = -352*j**3 + j**2 - j - 2. Let f be m(-1). What are the prime factors of (f/(-10))/((-21)/105)?
2, 11
Suppose 10*n - 9*n = -3*d + 93947, 2*d = 4*n + 62664. What are the prime factors of d?
2, 7, 2237
Let i(c) be the second derivative of 37*c**4/24 - 7*c**3/3 + c**2 - 14*c. Let f(k) be the first derivative of i(k). List the prime factors of f(3).
97
Let j = -37 - -41. Suppose -j*q = 28 + 176. Let o = 32 - q. List the prime factors of o.
83
Suppose -12 = -5*m - 3*r, 5*r + 12 = 3*m + 8*r. Let g(l) = 55 + 33 - 2*l + 41 + 8*l. List the prime factors of g(m).
3, 43
List the prime factors of ((-3996)/30 - 4)*(-17385)/114.
7, 61
List the prime factors of (1/2 + (-6)/((-36)/493233))/1.
2, 3, 4567
Let p(r) = -27*r**2 - 353*r - 37. Let f be p(-13). Let b(l) = l - 1. Let x(o) = -16*o + 16. Let s(j) = 3*b(j) + x(j). What are the prime factors of s(f)?
2, 3, 13
Let v be ((-127)/2 + 0)/(11 - (-210)/(-20)). Let x be 2/9 + (-313)/(-9). Let h = x - v. What are the prime factors of h?
2, 3
Let s = -677 - -732. Let q = 384 - s. List the prime factors of q.
7, 47
Let a(q) = 250 + 251 + 2*q**2 - 3*q - 495. What are the prime factors of a(-6)?
2, 3
Suppose -14*g + 9*g + 298188 = 7*g. List the prime factors of g.
3, 11, 251
Let z(n) = -23*n**3 - 6*n**2 - 3*n + 2. Let k = -311 + 307. What are the prime factors of z(k)?
2, 5, 139
Let x(a) = 3*a - 5. Let g be x(5). Let z = -8 + g. Suppose 2*v + z*v = 80. What are the prime factors of v?
2, 5
Suppose 103*w - 8734311 = 53*w - 103*w. What are the prime factors of w?
3, 6343
Suppose 3*c = -6*c - 117. What are the prime factors of (-1433)/(-3) + (c + 5)/(-24)?
2, 239
Let f = -23086 + 33524. What are the prime factors of f?
2, 17, 307
Let t(s) = 111*s**3 - 3*s**2 + 2. Let v be t(1). Suppose y + 4*y + v = 0. Let m = y + 32. What are the prime factors of m?
2, 5
Let m(d) = 3*d**3 - 51*d**2 - 2*d + 34. Let p be m(17). Suppose -4*c - 412 = -s, -4*s + 0*s + 3*c + 1687 = p. List the prime factors of s.
2, 53
Let w(c) = c**2 + 196*c + 5128. List the prime factors of w(103).
3, 5, 479
Let w(z) = -z**3 + 6*z**2 - 2*z - 11. Let c be w(6). Let u(p) = 2*p**2 - 9*p - 113. What are the prime factors of u(c)?
2, 3
Suppose 5*x = 4*l + 335, -x + 5*l = 4*x - 335. Let q = -67 + x. Suppose -5*o + 0*z + 2*z + 227 = q, -5*z = -4*o + 185. What are the prime factors of o?
3, 5
Let h be (-20)/(-9)*(-72)/(-16). Let c = 5 - h. Let y(v) = 4*v**2 - 4*v + 16. List the prime factors of y(c).
2, 17
Let l = -21244 - -38396. What are the prime factors of l?
2, 67
Let o be 0 - 2/(-4*(-5)/(-510)). Suppose 58*x - o*x - 994 = 0. List the prime factors of x.
2, 71
Suppose -262*r = -238*r - 420960. List the prime factors of r.
2, 5, 877
List the prime factors of 5 + 2 - (-33544)/42*15.
11987
Suppose -41164 = 17*f + 24*f. Let c = 1548 + f. List the prime factors of c.
2, 17
Suppose 3*m + 3*w = 71277, 2*m - 3*w = 54280 - 6787. List the prime factors of m.
2, 3, 37, 107
Let y be (-138)/(-42) + 8/(-28). Suppose 0 = 2*f - 3*j - 28, 7 = 3*f + 5*j + y. List the prime factors of (-2 - f/14)*1*-28.
2, 3
Let k(l) = l**2 + l + 1. Let v(o) = 3*o**3 + 12*o**2 - o. Let b be (-1 + 2)*1 - (-11 - -6). Let n(f) = b*k(f) - v(f). What are the prime factors of n(-4)?
2, 37
Let f(h) = 42*h**3 - 39*h**2 + 516*h - 43. List the prime factors of f(11).
2, 53, 67
Let w(h) = -5*h**2 - 189*h + 12. What are the prime factors of w(-11)?
2, 743
What are the prime factors of (-226538)/(-65)*(-10)/6*(-72)/16?
3, 8713
Suppose -161*c + 17667 = -152*c. Let t = c - 1162. List the prime factors of t.
3, 89
Let m = -211 - -116. List the prime factors of 10374/10 - 152/m.
1039
Let m(c) = -39 + 12*c - 34*c + 35*c**2 - 6*c**3 - 4 + 5*c**3. What are the prime factors of m(34)?
5, 73
What are the prime factors of 16*5601 + (-8)/(-76)*19?
2, 44809
Suppose 5*o - 4*k - 72 = 0, 4*o - 60 = 5*k - 3*k. Suppose -1316 = -o*u + 892. List the prime factors of u.
2, 3, 23
Suppose -3*f = -15 + 6. Suppose f*t - 9 = 3*u, -u + 4*t - 2*t = 5. What are the prime factors of (8/(-4) - -23) + u?
2, 5
Let k(x) = -12*x + 4. Let b(q) = -11*q + 3. Let i(c) = -c**2 + 5*c + 11. Let g be i(6). Let v(s) = g*b(s) - 4*k(s). What are the prime factors of v(-17)?
2, 59
Suppose 3*v - 4*v = 2*s - 12, -4*s + 16 = -2*v. Suppose 87 = -v*p + 4*p - 5*n, 2*p - 4*n - 90 = 0. What are the prime factors of p?
3, 17
Let j(z) = -58*z**3 + 24*z**2 - 24*z - 32. List the prime factors of j(-9).
2, 5, 4441
Let i = 53790 - 9412. List the prime factors of i.
2, 22189
Suppose 3*k + 20 = 8*k. Suppose k = 4*y - 4. Suppose 5*t = -2*a - 0*a + 472, -y*a = -4*t + 374. List the prime factors of t.
2, 47
Suppose -129 = -5*f + 3*q, -2*q - 17 = -f + 3*q. Let t = f + -24. Suppose o - 5*m = -2*m + 34, 0 = -5*o + t*m + 170. List the prime factors of o.
2, 17
Let l be 103 - 6*(-10)/(-15). Let n = l + 50. List the prime factors of n.
149
Suppose 3*i - 5*d = 240295, -47*d + 240307 = 3*i - 49*d. List the prime factors of i.
5, 37, 433
Suppose 3*z - 20680 = -4*n, 3*z - 20696 = 57*n - 53*n. What are the prime factors of z?
2, 431
Suppose -1455168 + 13957938 = 210*f. What are the prime factors of f?
29, 2053
Let j(n) = -n**3 + 20*n**2 + 22*n + 56. Let m be j(19). Suppose -m = 8*k - 6747. List the prime factors of k.
739
Suppose -16*u + 22342 = 2264 + 1246. List the prime factors of u.
11, 107
Suppose 497 + 615 = 4*j + 4*u, 2*u + 1094 = 4*j. Let o(f) = f**3 + 10*f**2 + 14*f + 47. Let x be o(-6). Let q = j - x. List the prime factors of q.
2, 3, 7
Suppose 0 = -101*a + 105*a - 4*z - 30144, -5*z = -4*a + 30142. What are the prime factors of a?
2, 3769
Suppose -2*l = -2*h - 0*l - 618, 5*h + 1541 = l. Let t = h - -576. What are the prime factors of t?
2, 67
Suppose 0 = 5*u - 5*z - 7865, 11 + 1 = -4*z. Suppose -u = -7*s + 880. List the prime factors of s.
2, 5, 7
Let j(u) be the second derivative of -u**5/2 + u**4/4 + u**3/3 - u**2/2 + 25*u. Let h be j(2). Let k = h + 109. List the prime factors of k.
2, 11
Let r = 5110 + -274. List the prime factors of r.
2, 3, 13, 31
Suppose -d + 151*d = 630900. List the prime factors of d.
2, 3, 701
What are the prime factors of (-112)/(-32) + -3 + 63433/2?
7, 23, 197
Let f be -6*(-18)/(-4)*10/30. List the prime factors of f/4*(-19)/(76/1152).
2, 3
List the prime factors of (-172680)/(-27) + (-6)/(-2) - (-16)/36.
3, 79
Let j be (-2)/(-10) + (-1)/5. Suppose -7*h - 3*h + 670 = j. List the prime factors of h.
67
Let m(c) = -60*c + 2*c**2 + 111*c - 56*c + 1. Let k be m(3). Suppose -4*d + 1 + 19 = k*a, 0 = d - a - 5. What are the prime factors of d?
5
Suppose 6*x - 150 = 54. Suppose -x*c + 8106 = -28*c. List the prime factors of c.
7, 193
Suppose 0 = -5*p + 4*h - 5, -4*p + 6*p = -h + 11. Suppose -132*g + l = -131*g - 1422, 0 = l + p. List the prime factors of g.
3, 11, 43
Suppose 0 = j, 7*j + 5484 = 4*d + 3*j. Let f = d + -871. Suppose 0 = 5*v - 5*q - f